s the tens digit of 1065692?
9
What is the ten thousands digit of 2631588?
3
What is the hundred thousands digit of 211393?
2
What is the thousands digit of 385070?
5
What is the hundreds digit of 16201634?
6
What is the units digit of 1653040?
0
What is the hundreds digit of 10830487?
4
What is the hundreds digit of 24563?
5
What is the hundred thousands digit of 179407?
1
What is the hundreds digit of 1108438?
4
What is the thousands digit of 13512408?
2
What is the hundreds digit of 330109?
1
What is the hundred thousands digit of 250530?
2
What is the tens digit of 78320?
2
What is the millions digit of 1672255?
1
What is the hundred thousands digit of 321420?
3
What is the ten thousands digit of 25818927?
1
What is the tens digit of 1092146?
4
What is the hundreds digit of 209352?
3
What is the units digit of 160671?
1
What is the tens digit of 3230166?
6
What is the ten thousands digit of 9242461?
4
What is the units digit of 8812396?
6
What is the units digit of 16303330?
0
What is the hundred thousands digit of 533053?
5
What is the ten thousands digit of 824830?
2
What is the hundreds digit of 123835?
8
What is the hundreds digit of 894283?
2
What is the thousands digit of 46385?
6
What is the hundreds digit of 7597?
5
What is the hundred thousands digit of 3009203?
0
What is the thousands digit of 8782488?
2
What is the millions digit of 2219426?
2
What is the hundreds digit of 1762946?
9
What is the thousands digit of 10322827?
2
What is the tens digit of 425182?
8
What is the hundreds digit of 28346030?
0
What is the millions digit of 17654029?
7
What is the hundred thousands digit of 425113?
4
What is the units digit of 1168057?
7
What is the tens digit of 484691?
9
What is the hundreds digit of 91638?
6
What is the tens digit of 444600?
0
What is the tens digit of 749480?
8
What is the hundreds digit of 1728123?
1
What is the thousands digit of 5377469?
7
What is the hundred thousands digit of 159696?
1
What is the tens digit of 7692600?
0
What is the hundreds digit of 4782162?
1
What is the hundreds digit of 91740?
7
What is the thousands digit of 996250?
6
What is the hundred thousands digit of 209728?
2
What is the hundreds digit of 158911?
9
What is the hundred thousands digit of 312634?
3
What is the hundred thousands digit of 3802352?
8
What is the ten thousands digit of 97796?
9
What is the units digit of 415112?
2
What is the units digit of 7151400?
0
What is the thousands digit of 171829?
1
What is the thousands digit of 360721?
0
What is the millions digit of 2111151?
2
What is the millions digit of 8440254?
8
What is the tens digit of 290197?
9
What is the units digit of 3192077?
7
What is the ten thousands digit of 1169983?
6
What is the ten thousands digit of 278238?
7
What is the hundred thousands digit of 483014?
4
What is the thousands digit of 26054530?
4
What is the hundreds digit of 1751740?
7
What is the units digit of 1734108?
8
What is the ten thousands digit of 18090125?
9
What is the millions digit of 5703269?
5
What is the units digit of 6316952?
2
What is the ten thousands digit of 5134840?
3
What is the tens digit of 2686043?
4
What is the ten thousands digit of 458460?
5
What is the millions digit of 2549522?
2
What is the hundreds digit of 84503?
5
What is the thousands digit of 152186?
2
What is the hundreds digit of 124219?
2
What is the millions digit of 33964510?
3
What is the ten thousands digit of 1164151?
6
What is the millions digit of 4889021?
4
What is the hundreds digit of 1888572?
5
What is the ten thousands digit of 4276530?
7
What is the thousands digit of 2559374?
9
What is the thousands digit of 62091?
2
What is the hundred thousands digit of 503042?
5
What is the hundred thousands digit of 543020?
5
What is the thousands digit of 17657260?
7
What is the ten thousands digit of 49213?
4
What is the ten thousands digit of 306438?
0
What is the hundreds digit of 1282295?
2
What is the tens digit of 562371?
7
What is the ten thousands digit of 3162002?
6
What is the tens digit of 1205599?
9
What is the thousands digit of 1229378?
9
What is the units digit of 994158?
8
What is the hundreds digit of 3972030?
0
What is the hundred thousands digit of 5498666?
4
What is the units digit of 6190890?
0
What is the units digit of 715138?
8
What is the hundreds digit of 14423378?
3
What is the hundreds digit of 7806?
8
What is the thousands digit of 171824?
1
What is the units digit of 155441?
1
What is the hundred thousands digit of 3635072?
6
What is the hundreds digit of 470545?
5
What is the thousands digit of 7636983?
6
What is the hundreds digit of 9490?
4
What is the tens digit of 1188434?
3
What is the hundred thousands digit of 1631462?
6
What is the units digit of 17080181?
1
What is the hundreds digit of 474341?
3
What is the hundreds digit of 2804759?
7
What is the units digit of 53720?
0
What is the units digit of 6613886?
6
What is the hundreds digit of 2494245?
2
What is the ten thousands digit of 169768?
6
What is the tens digit of 34597215?
1
What is the ten thousands digit of 185624?
8
What is the thousands digit of 685677?
5
What is the ten thousands digit of 617419?
1
What is the thousands digit of 1858050?
8
What is the units digit of 639836?
6
What is the units digit of 18590806?
6
What is the hundred thousands digit of 10460901?
4
What is the ten thousands digit of 9748862?
4
What is the hundreds digit of 3965974?
9
What is the units digit of 8019553?
3
What is the tens digit of 14003248?
4
What is the hundreds digit of 517718?
7
What is the units digit of 616142?
2
What is the thousands digit of 6742389?
2
What is the hundred thousands digit of 4256084?
2
What is the ten thousands digit of 365745?
6
What is the tens digit of 785148?
4
What is the hundreds digit of 314208?
2
What is the tens digit of 1280069?
6
What is the hundreds digit of 8425063?
0
What is the thousands digit of 30266?
0
What is the tens digit of 5003621?
2
What is the units digit of 1230747?
7
What is the millions digit of 1160841?
1
What is the units digit of 87906?
6
What is the ten millions digit of 21155613?
2
What is the tens digit of 189686?
8
What is the hundred thousands digit of 526497?
5
What is the hundreds digit of 292953?
9
What is the hundred thousands digit of 112237?
1
What is the hundreds digit of 936527?
5
What is the ten thousands digit of 15487981?
8
What is the thousands digit of 4499571?
9
What is the thousands digit of 803835?
3
What is the millions digit of 1097686?
1
What is the hundred thousands digit of 294878?
2
What is the hundreds digit of 393914?
9
What is the hundred thousands digit of 409719?
4
What is the ten thousands digit of 6613439?
1
What is the tens digit of 1082368?
6
What is the thousands digit of 334878?
4
What is the hundred thousands digit of 152322?
1
What is the thousands digit of 14651565?
1
What is the ten thousands digit of 23593939?
9
What is the units digit of 4304089?
9
What is the tens digit of 538974?
7
What is the millions digit of 7350074?
7
What is the ten thousands digit of 288371?
8
What is the ten thousands digit of 271391?
7
What is the tens digit of 263135?
3
What is the hundreds digit of 398110?
1
What is the units digit of 723616?
6
What is the millions digit of 1453707?
1
What is the thousands digit of 603334?
3
What is the hundred thousands digit of 5929913?
9
What is the ten thousands digit of 814509?
1
What is the hundreds digit of 257942?
9
What is the tens digit of 952080?
8
What is the hundreds digit of 2205382?
3
What is the tens digit of 5126125?
2
What is the ten millions digit of 39590651?
3
What is the hundreds digit of 420212?
2
What is the units digit of 2077535?
5
What is the thousands digit of 475101?
5
What is the hundred thousands digit of 249664?
2
What is the hundreds digit of 268312?
3
What is the tens digit of 3003113?
1
What is the tens digit of 41546?
4
What is the units digit of 1763955?
5
What is the millions digit of 4015563?
4
What is the hundred thousands digit of 3484480?
4
What is the hundred thousands digit of 792758?
7
What is the tens digit of 1402153?
5
What is the hundreds digit of 66094?
0
What is the thousands digit of 1318801?
8
What is the units digit of 3392919?
9
What is the hundreds digit of 956